In base 8, what is 147642 - 5?
147635
In base 14, what is -130a + 33d3b?
32a31
In base 4, what is -333103032 - 2?
-333103100
In base 6, what is 1314231 - 55?
1314132
In base 13, what is -1 + -632064?
-632065
In base 3, what is 10 + 1002200012001111?
1002200012001121
In base 13, what is -18 - 121231?
-121249
In base 15, what is -1abab9 + -14?
-1abacd
In base 9, what is 7 - -6064811?
6064818
In base 12, what is -a39 + -886?
-1703
In base 6, what is -501522 + -4033?
-505555
In base 11, what is -28 + -3851a?
-38547
In base 12, what is 384b186 + -5?
384b181
In base 14, what is -3 - 37749?
-3774c
In base 15, what is b - -240c45?
240c51
In base 14, what is -462 - 1b7?
-639
In base 14, what is 4 - -28048c7?
28048cb
In base 7, what is -2063 - -16610?
14514
In base 15, what is -31c55 + 6b?
-31bd9
In base 15, what is -5088 - 18e?
-5227
In base 3, what is -10 - -1112101121201110?
1112101121201100
In base 16, what is -12 - 67b22?
-67b34
In base 5, what is -14 + 44314020?
44314001
In base 15, what is ca - -19ab?
1a86
In base 6, what is 21 - 42034411?
-42034350
In base 2, what is -1 + -1000011111010111011011?
-1000011111010111011100
In base 8, what is -174247 + -12?
-174261
In base 9, what is 65381114 + 41?
65381155
In base 4, what is -2110001 - -12013?
-2031322
In base 14, what is -398 - 29043?
-293db
In base 15, what is c9 + 1d04d?
1d127
In base 16, what is -14e3 + 9b7d?
869a
In base 11, what is 1 - 268769a?
-2687699
In base 7, what is 662513 + -306?
662204
In base 12, what is -8848224 + 5?
-884821b
In base 11, what is 9547590 - 6?
9547585
In base 13, what is -11688 - -37b?
-1130a
In base 12, what is -18b - 5102?
-5291
In base 7, what is -24334333556 - -3?
-24334333553
In base 6, what is -2 - -252423524?
252423522
In base 9, what is -224203150 - -13?
-224203136
In base 3, what is -120 + -121212221100202?
-121212221101022
In base 6, what is 204114234 - -1?
204114235
In base 5, what is 1344043344141 - 3?
1344043344133
In base 15, what is -6552 - -25d4?
-3e6d
In base 10, what is 38 + 146864?
146902
In base 8, what is 100 + -304306?
-304206
In base 14, what is -4130234 + 4?
-4130230
In base 9, what is -58 + 114643?
114574
In base 11, what is 2037aa - 26?
203784
In base 8, what is 1264 + -60254?
-56770
In base 4, what is 13033331231 + -11?
13033331220
In base 3, what is 210212022 - 21?
210212001
In base 3, what is 12 + 10210200111102021?
10210200111102110
In base 3, what is -2022020220111 + -1212?
-2022020222100
In base 2, what is 1010110010111111100101110 - 100?
1010110010111111100101010
In base 11, what is -28 - -242a59?
242a31
In base 13, what is 78a268 + 123?
78a38b
In base 2, what is 1 - 1001101010011110101?
-1001101010011110100
In base 8, what is 0 - -11312511?
11312511
In base 15, what is 96 - 7352?
-72ab
In base 11, what is -1a72630 + 47?
-1a72594
In base 3, what is 20111211121222 + 101?
20111211122100
In base 14, what is -7 + -6b0c6b7?
-6b0c6c0
In base 11, what is -1a248 - 206?
-1a453
In base 6, what is -13203422122 + 2?
-13203422120
In base 8, what is -425417 + 2321?
-423076
In base 8, what is 4 - -70203711?
70203715
In base 15, what is 12 - -925c701?
925c713
In base 4, what is -301303210010 + -1?
-301303210011
In base 6, what is -230003 + 211214?
-14345
In base 14, what is -154 - -cb57b?
cb427
In base 14, what is 224 + 462c?
4852
In base 15, what is 1 - -4c90a?
4c90b
In base 11, what is -941 + 27980?
2703a
In base 11, what is 27aa6016 + -4?
27aa6012
In base 16, what is 5 - 3224eff?
-3224efa
In base 12, what is -2 - -240b7082?
240b7080
In base 16, what is b8aae8 + 1?
b8aae9
In base 8, what is 1105 + -5421623?
-5420516
In base 16, what is -5f22 + 942?
-55e0
In base 11, what is 0 - -3147469?
3147469
In base 7, what is 2141 - -1205?
3346
In base 12, what is -1a00257 + 58?
-1a001bb
In base 15, what is 2 - 8e8d4ab?
-8e8d4a9
In base 16, what is 166a63 + -b?
166a58
In base 13, what is ab9 - -2682c?
27618
In base 10, what is 27295 + -177?
27118
In base 12, what is b55675 + -a2?
b55593
In base 14, what is 1cad + d6a?
2c39
In base 14, what is 1d99 + -60c?
178b
In base 5, what is 10 - 20241324134?
-20241324124
In base 7, what is 4230035436 + 5?
4230035444
In base 16, what is -1 + -d861a9?
-d861aa
In base 9, what is -46 - 281835?
-281882
In base 6, what is -45350224024 + -5?
-45350224033
In base 2, what is 0 - -100100011101101100001110?
100100011101101100001110
In base 5, what is -21 - 21123203?
-21123224
In base 16, what is -2ae85 - -6b2?
-2a7d3
In base 10, what is 48 - 269467?
-269419
In base 10, what is 275542 + -21?
275521
In base 12, what is 189b1a2 - -1?
189b1a3
In base 5, what is 113343 + 102?
114000
In base 14, what is -c - -3c1094?
3c1086
In base 9, what is -126746786 - -2?
-126746784
In base 2, what is 100001001111 + -101111011100?
-1110001101
In base 10, what is -6 + -9978031?
-9978037
In base 2, what is 1010010010001010 + -101111?
1010010001011011
In base 3, what is -10 + -201210200021012?
-201210200021022
In base 10, what is 3 + 2690344?
2690347
In base 10, what is -9641 + 587?
-9054
In base 4, what is 1210202133 - -2332?
1210211131
In base 4, what is -10122321013020 + -11?
-10122321013031
In base 7, what is 4 + 34252651?
34252655
In base 13, what is 45c780 + -2?
45c77b
In base 16, what is 1f - -e539c?
e53bb
In base 6, what is -422 - 315401?
-320223
In base 14, what is 7935 - -b1c?
8653
In base 13, what is -24aa - -1a8?
-2302
In base 11, what is -263043 - -11?
-263032
In base 12, what is -3 - 472866?
-472869
In base 15, what is -1 - 6a24e?
-6a250
In base 16, what is -2057437 + -14?
-205744b
In base 8, what is -1303 + 7331?
6026
In base 16, what is -7f - 1e8?
-267
In base 8, what is -2657357 + 50?
-2657307
In base 9, what is 5 + 43034705?
43034711
In base 5, what is 103 - 110122403?
-110122300
In base 15, what is ae219 + -19?
ae200
In base 3, what is 101222001010222 - -11?
101222001011010
In base 2, what is 100001000010100 + -1101000001101001?
-1000111001010101
In base 2, what is 1 + -11110011011010011010100?
-11110011011010011010011
In base 10, what is -4717231 + -4?
-4717235
In base 15, what is -30 + -60ec6?
-61006
In base 7, what is -3 - 61014411?
-61014414
In base 6, what is 134 - -551432012?
551432150
In base 13, what is 2c9 - 86c18?
-8691c
In base 12, what is 17b687 - -12?
17b699
In base 10, what is 45944 + 414?
46358
In base 3, what is -100101120 - 2120121?
-102222011
In base 11, what is 3851 + 1350?
50a1
In base 16, what is 2a + 22fbb?
22fe5
In base 14, what is bd - 55c3a?
-55b5b
In base 3, what is -102 - -2121102222121?
2121102222012
In base 3, what is -10200021222120 + -202?
-10200022000022
In base 11, what is -78a1 + -6a?
-7960
In base 16, what is -32acb + -cd?
-32b98
In base 3, what is -202212 + 20112122?
12202210
In base 9, what is 2 + -5266706?
-5266704
In base 5, what is 4443312233 + 1?
4443312234
In base 8, what is 30111 - -4334?
34445
In base 13, what is 2256a76 - 4?
2256a72
In base 10, what is -62 - -165338?
165276
In base 15, what is 296e - add?
1d81
In base 7, what is 454305626 - 10?
454305616
In base 3, what is 12111000110 - -100?
12111000210
In base 4, what is -303 + 1133231310?
1133231001
In base 16, what is -23bdde4 + 4?
-23bdde0
In base 9, what is -530 - -7613?
7073
In base 9, what is 35836460 - 4?
35836455
In base 13, what is -23207 - -6?
-23201
In base 12, what is -1b8b - -71?
-1b1a
In base 4, what is -121000313200022 - 10?
-121000313200032
In base 9, what is 8683035 + 54?
8683100
In base 10, what is 113 + 76442?
76555
In base 2, what is 101 + 100010010101101110001000100?
100010010101101110001001001
In base 7, what is 112604443 + -3?
112604440
In base 13, what is 0 - -ac4707a?
ac4707a
In base 8, what is -50 + -2551465?
-2551535
In base 15, what is -78c + -1e3d?
-26ca
In base 2, what is 1100110101101011110100011 + 10?
1100110101101011110100101
In base 6, what is -120102453 - -1231?
-120101222
In base 5, what is -10 + -13011213020?
-13011213030
In base 3, what is 10211210120 + 21121002?
11010101122
In base 3, what is -22221220201001 + 11?
-22221220200220
In base 9, what is 36754 - -4012?
41766
In base 5, what is 411 - 334223021?
-334222110
In base 6, what is 214150 + 230?
214420
In base 15, what is c6a043 + 4?
c6a047
In base 4, what is -1130023 - 11113?
-1201202
In base 16, what is -1b + -567fed?
-568008
In base 4, what i